6. Suppose -17*x + f = -13*x. Suppose 95 = t + 5*y, -x*t + 4*y + 77 = -t. Is t a composite number?
True
Let b = 2881 - 1586. Suppose 0 = 5*a - 10*a + b. Is a a composite number?
True
Let t = 17780 - 6115. Is t composite?
True
Let x be (-1 - -8) + 18/(-9). Suppose 3*b - 1651 = -3*r + r, x*b - 4*r = 2759. Is b a prime number?
False
Let w(n) = n - 3. Let l be w(11). Suppose -4*i + l = -4. Suppose i*b - 698 = -4*h + 364, 0 = 5*h + 4*b - 1327. Is h prime?
False
Let g = 12 + -8. Suppose -4 = -g*n + 3*n. Suppose 592 = n*v - 2*c, 0*v - 2*v + 2*c + 294 = 0. Is v prime?
True
Let q(z) = -66*z + 10. Let w be q(-15). Let n = -618 + w. Is n composite?
True
Let v = -9 + 9. Suppose 5*x + 25 - 5 = v. Let k(b) = -9*b**3 - b**2 - b - 1. Is k(x) prime?
True
Let t(f) = -3*f**3 + 4*f**2 + 16*f + 7. Let r be t(-7). Let m be r/((-12)/3) - -2. Let j = 439 + m. Is j a composite number?
True
Suppose -y + 3*r + 449 = -6, -3*r - 6 = 0. Is y a prime number?
True
Let x(v) = -667*v - 13. Let f be x(-5). Let m = f - 1457. Is m a prime number?
False
Let l = 5482 + -3163. Is l prime?
False
Suppose -33*s = -32*s + 2640. Let k = s + 4535. Is k a prime number?
False
Let l(f) = -f**2 - f + 11. Let s be l(18). Let o = -68 - s. Is o a prime number?
True
Let y be (-2)/((-6)/8*(-2)/(-3)). Suppose 0*v - 5*v + y*n + 177 = 0, 4*v - n - 146 = 0. Is v composite?
False
Suppose 830 = 3*y + 4*c, c - 1372 = -5*y - 0*c. Suppose -y - 192 = -2*u. Is u a prime number?
True
Let z(x) = 5*x. Let j be z(1). Suppose 2*m + 2*m = -2*k + 74, -j*m = -3*k - 120. Suppose -4*o - 18 = -2*v, 5*v - 3*v - o - m = 0. Is v composite?
False
Let m = -2686 - -6294. Let w = m + -2095. Is w a composite number?
True
Suppose 0 = -4*l - l. Suppose 2*n + 5*n - 13853 = l. Is n composite?
False
Let u(r) be the third derivative of 125*r**4/12 + 49*r**3/6 + 11*r**2. Is u(16) prime?
True
Suppose 5*y - 8 = -23. Is 1117/(-1 - 6/y) prime?
True
Let r be 472/6*1*6. Suppose 11*z - r = 3*z. Is z a composite number?
False
Let h be 12/(-15)*(-20)/8. Let j(y) = -y - 6. Let g be j(-6). Suppose g = h*p - p - 353. Is p composite?
False
Let g be (386/5)/((-1)/10). Let x = g + 1137. Is x composite?
True
Let s(j) = 8 - 14 + 5 + 573*j. Let r be s(1). Suppose -r = -c - 3*c. Is c a prime number?
False
Let u be (1478/4)/((-10)/20). Let o = u - -1220. Is o prime?
False
Let m(c) = c**2 - 11*c - 23. Let v be m(13). Suppose 2520 = 4*i + 4*a, 0 = 2*i + 2*i + v*a - 2523. Is i a prime number?
False
Suppose 5*d = 7*d - 6. Suppose -2*u + 1 = -3*k - 14, -d*k - 15 = 4*u. Suppose 3*o - 2*z - 1201 = -u*z, 2*z = 5*o - 1995. Is o a prime number?
True
Suppose 0 = -5*d + 2*g + g + 16, d - g = 4. Suppose 0 = 3*t + 2*u - 134, 0 - 1 = -u. Suppose t = 5*h + 2*k - 229, -d*k = 2. Is h a prime number?
False
Suppose -3*l + 2207 = -2*s, 565 = 4*l - 2*s - 2379. Is l a prime number?
False
Let q(d) = -4*d**2 + 2*d - 2. Let n be q(5). Let p = -175 + -4. Let o = n - p. Is o prime?
False
Suppose -32*y + 7949 = -124115. Is y prime?
True
Suppose 2*u - 3 = 3. Suppose u*p + p = 360. Suppose 4*s - 844 = 3*k, 2*s - 512 = -2*k - p. Is s prime?
True
Let n = 27 - 32. Let w(l) = -9*l**3 + 8*l**2 + 5*l - 1. Let s be w(n). Let g = -242 + s. Is g a prime number?
False
Let t(c) be the third derivative of c**4/24 + 11*c**3/2 - 14*c**2. Suppose n = -4*x + 16, 5*x + 0*x - 20 = 0. Is t(n) prime?
False
Suppose -28*q + 24*q = 4*f - 51580, -f = -2. Is q composite?
False
Suppose -7*r = -10*r - 48. Let o = 130 - r. Is o a prime number?
False
Let p(c) = 41*c - 2. Let x(k) = -k**2 - 7*k - 7. Let a(o) = o + 7. Let h be a(-12). Let i be x(h). Is p(i) prime?
False
Let v(c) = 43*c**2 + 6*c + 87. Is v(-10) a prime number?
True
Let f(j) = -344*j - 11. Let w be (-26)/3 + (-5)/((-15)/2). Is f(w) prime?
True
Let d = 22161 - 15554. Is d a prime number?
True
Let o be (9/15)/(2/370). Let t = o + -32. Is t composite?
False
Let l = 1273 + -448. Suppose 0 = k - 5*p + 7 - 2, p + 8 = 2*k. Suppose -k*v + 2*g + 2711 = 0, -4*v - 3*g + 1330 = -l. Is v a prime number?
True
Let a(s) = -s**3 + 14*s**2 - 17*s + 27. Let t be a(11). Let g(f) = -f + t*f**2 - 4 + 10 - 5. Is g(-2) a composite number?
True
Let w = 125379 - 66433. Is w a prime number?
False
Suppose 0 = 46*z + 4156874 - 10805668. Is z a composite number?
False
Suppose 2*n + 0*n - 6 = 0. Let l be (-12975)/(-5)*1/n. Let d = 1728 - l. Is d a prime number?
True
Suppose -5*u + 1646 = 4*q, 2*q - 6*u = -5*u + 830. Suppose 7*t - q = t. Is t prime?
False
Let n be 1/(((-8)/(-4))/4). Let p(i) = 19*i**n - i - 37*i**2 + 53*i**2 + 75*i**2. Is p(-1) a prime number?
False
Let c be (3 + 56)/((-4)/28). Let z = -190 - c. Is z a composite number?
False
Let p = 76631 - 52194. Is p a prime number?
False
Suppose -8*r = -4*r - 16. Suppose -r*u - 47 + 571 = 0. Is u prime?
True
Let r = -2083 + 3116. Let f be -1*(-2 - r - 2). Suppose 0 = -5*n + 5, -824 - f = -2*y + 5*n. Is y a prime number?
False
Is 5/30 - (3 + (-7244)/24) prime?
False
Let s be ((-4)/(-3))/((-4)/42). Let f(a) = -a**3 - 14*a**2 - 3. Let t be f(s). Is 3447/27 - 4/t a composite number?
True
Suppose -9*n + 8 = -5*n. Let x(u) = 18*u**3 + 2*u**2 - 2*u. Let l be x(n). Suppose l = f + 3*f. Is f composite?
False
Let g(k) = 10*k**2 + 4*k - 19. Is g(-10) a composite number?
False
Let f = 98332 - 64649. Is f prime?
False
Let j = 82 - 82. Suppose 3*t - r - 539 = 531, j = t + 2*r - 366. Is t prime?
False
Suppose 3*x = 3, p = 4*p + x - 5542. Is p a composite number?
False
Let i be 1*3*(-16)/(-24). Suppose 0*b = k + b - 314, i*k + 4*b - 622 = 0. Is k a prime number?
True
Let w be ((3 + -3)/(1 - 3))/(-2). Suppose 0 = -5*b + 3*x + 1849, w*b + 5*x = -2*b + 752. Is b composite?
True
Suppose 0 = 3*x, -4*c + 6*c = 3*x + 16718. Is c prime?
False
Suppose -69*u = -232754 - 231823. Is u a composite number?
False
Let w be 228/95*40/(-6). Is 9/(-12) - 11356/w a prime number?
True
Suppose 154 = 4*j - 218. Suppose -z = -4*z + j. Let h = z - -22. Is h a prime number?
True
Is -11*1 - (-12757 - 51) a composite number?
True
Let h(b) = 179*b - 273. Is h(10) prime?
False
Suppose 0 = -48*o + 67*o - 484139. Is o composite?
True
Let f(z) = z**3 + 12*z**2 - 2*z. Let o be (-8)/(-28) + 16/(-7). Let l be -8*(o - -3) + 1. Is f(l) prime?
False
Is (((-222)/4 - -3) + 4)*-14 a prime number?
False
Let x = -1504 + 2323. Suppose 4*p + x = 5*r, 3*r - 18 - 475 = 4*p. Is r a composite number?
False
Suppose -16*b = -29036 - 9828. Let g = -838 + b. Is g composite?
True
Is 116906 - (-10)/(-50)*15 a composite number?
False
Suppose 20 = 2*b + 4*r - 7*r, -3*b + 8 = r. Suppose 0 = z + b*z - 3495. Is z a prime number?
False
Let s(g) = g**2 + 8*g + 5. Let i be s(-9). Suppose -3 = -i*j + 17*j. Let l(c) = -215*c**3 - 2*c**2 - 2*c - 1. Is l(j) composite?
True
Let j(y) = -10*y + 1. Suppose 7 = -4*r - 3*c - 2*c, -3*r - 13 = -4*c. Is j(r) composite?
False
Let y = 79246 - 46257. Is y a prime number?
False
Let k(h) = -h**3 - 8*h**2 - h. Let u(g) = g**3 + 7*g**2. Let f(s) = -4*k(s) - 5*u(s). Let i be f(-4). Suppose i*z + 6*z = 2994. Is z composite?
False
Let r(d) = -d**3 - 10*d**2 - 5*d + 13. Let z be r(-11). Suppose w = 798 - z. Suppose 4*n - w - 563 = 0. Is n a prime number?
True
Suppose 0 = 10*d + 3 - 13. Is 163/(1/(-7)*d/(-1)) composite?
True
Suppose -b = -2*k, b = 3*b - 4. Suppose -k = 3*i - 4*i. Is i/4 + 1617/28 composite?
True
Let l be 72/20 + 6/15. Suppose l*d = -d - 1255. Is 17/(-34)*d*2 a composite number?
False
Let i(s) = s + 1. Let m be i(1). Let q be 238/26 + m/(-13). Is q/6*2694/9 prime?
True
Is (-24551)/(-10) + 7/(-70) a prime number?
False
Let g(t) = -t**3 - 8*t**2 - 16*t - 28. Is g(-21) a composite number?
True
Suppose 0 = -7*w + 5*w + 2. Is 99 + w/(4/16) a prime number?
True
Let w(j) = -j**3 + j**2 + j + 113. Let i be w(0). Let p = i + 180. Is p prime?
True
Suppose -2*h + 2*z + 1098 = 0, 0*z = 3*h + 3*z - 1677. Let t = 1152 + h. Is t composite?
True
Suppose g + 3*z = 44357, 2*z + 177400 = 7*g - 3*g. Is g prime?
True
Suppose 6584 = 4*i + 4*c, i - 5*c - 3327 = -i. Is i a composite number?
True
Suppose 0 = 8*y - 0*y + 552. Let q = -2 + 0. Let d = q - y. Is d a prime number?
True
Let m be (-9)/(18/(-8)) - (2 - 2). Suppose 24371 = 5*o + 3*n, -2*o + n + m*n + 9736 = 0. Is o a prime number?
False
Suppose -7*x + 10*x + 3849 = 3*y, 0 = -4*x. Is y composite?
False
Suppose 5560 = 7*n + 793